{"id":681,"date":"2024-07-20T14:22:09","date_gmt":"2024-07-20T17:22:09","guid":{"rendered":"https:\/\/www.vkya.com.uy\/sitio\/?page_id=681"},"modified":"2024-08-09T12:05:42","modified_gmt":"2024-08-09T15:05:42","slug":"liquidacion_servicio_domestico","status":"publish","type":"page","link":"https:\/\/www.vkya.com.uy\/sitio\/liquidacion_servicio_domestico\/","title":{"rendered":"Servicio de Liquidaci\u00f3n de Servicio Dom\u00e9stico"},"content":{"rendered":"\t\t<div data-elementor-type=\"wp-page\" data-elementor-id=\"681\" class=\"elementor elementor-681\">\n\t\t\t\t<div class=\"elementor-element elementor-element-a63e77b e-flex e-con-boxed e-con e-parent\" data-id=\"a63e77b\" data-element_type=\"container\">\n\t\t\t\t\t<div class=\"e-con-inner\">\n\t\t\t\t<div class=\"elementor-element elementor-element-0af58e7 elementor-widget elementor-widget-heading\" data-id=\"0af58e7\" data-element_type=\"widget\" data-widget_type=\"heading.default\">\n\t\t\t\t<div class=\"elementor-widget-container\">\n\t\t\t<style>\/*! elementor - v3.23.0 - 05-08-2024 *\/\n.elementor-heading-title{padding:0;margin:0;line-height:1}.elementor-widget-heading .elementor-heading-title[class*=elementor-size-]>a{color:inherit;font-size:inherit;line-height:inherit}.elementor-widget-heading .elementor-heading-title.elementor-size-small{font-size:15px}.elementor-widget-heading .elementor-heading-title.elementor-size-medium{font-size:19px}.elementor-widget-heading .elementor-heading-title.elementor-size-large{font-size:29px}.elementor-widget-heading .elementor-heading-title.elementor-size-xl{font-size:39px}.elementor-widget-heading .elementor-heading-title.elementor-size-xxl{font-size:59px}<\/style><h2 class=\"elementor-heading-title elementor-size-default\">Servicio de Liquidaci\u00f3n de Sueldos de Servicio Dom\u00e9stico.<\/h2>\t\t<\/div>\n\t\t\t\t<\/div>\n\t\t\t\t<div class=\"elementor-element elementor-element-ce7e007 elementor-widget elementor-widget-text-editor\" data-id=\"ce7e007\" data-element_type=\"widget\" data-widget_type=\"text-editor.default\">\n\t\t\t\t<div class=\"elementor-widget-container\">\n\t\t\t<style>\/*! elementor - v3.23.0 - 05-08-2024 *\/\n.elementor-widget-text-editor.elementor-drop-cap-view-stacked .elementor-drop-cap{background-color:#69727d;color:#fff}.elementor-widget-text-editor.elementor-drop-cap-view-framed .elementor-drop-cap{color:#69727d;border:3px solid;background-color:transparent}.elementor-widget-text-editor:not(.elementor-drop-cap-view-default) .elementor-drop-cap{margin-top:8px}.elementor-widget-text-editor:not(.elementor-drop-cap-view-default) .elementor-drop-cap-letter{width:1em;height:1em}.elementor-widget-text-editor .elementor-drop-cap{float:left;text-align:center;line-height:1;font-size:50px}.elementor-widget-text-editor .elementor-drop-cap-letter{display:inline-block}<\/style>\t\t\t\t<p><strong>Descripci\u00f3n del Servicio:<\/strong><\/p><p>El servicio de liquidaci\u00f3n de sueldos para empleados de servicio dom\u00e9stico est\u00e1 dise\u00f1ado para <strong>asistir a los empleadores en el cumplimiento de sus obligaciones laborales y fiscales<\/strong> de manera eficiente y precisa. Este servicio asegura que los empleados dom\u00e9sticos reciban sus <strong>salarios correctamente calculados<\/strong> y que todas las <strong>normativas legales sean respetadas<\/strong>.<\/p>\t\t\t\t\t\t<\/div>\n\t\t\t\t<\/div>\n\t\t\t\t\t<\/div>\n\t\t\t\t<\/div>\n\t\t<div class=\"elementor-element elementor-element-343a0cf e-flex e-con-boxed e-con e-parent\" data-id=\"343a0cf\" data-element_type=\"container\">\n\t\t\t\t\t<div class=\"e-con-inner\">\n\t\t\t\t<div class=\"elementor-element elementor-element-bbe787f elementor-widget elementor-widget-image\" data-id=\"bbe787f\" data-element_type=\"widget\" data-widget_type=\"image.default\">\n\t\t\t\t<div class=\"elementor-widget-container\">\n\t\t\t<style>\/*! elementor - v3.23.0 - 05-08-2024 *\/\n.elementor-widget-image{text-align:center}.elementor-widget-image a{display:inline-block}.elementor-widget-image a img[src$=\".svg\"]{width:48px}.elementor-widget-image img{vertical-align:middle;display:inline-block}<\/style>\t\t\t\t\t\t\t\t\t\t<img fetchpriority=\"high\" decoding=\"async\" width=\"800\" height=\"365\" src=\"https:\/\/www.vkya.com.uy\/sitio\/wp-content\/uploads\/2024\/08\/servicio_domestico.jpg\" class=\"attachment-large size-large wp-image-932\" alt=\"\" srcset=\"https:\/\/www.vkya.com.uy\/sitio\/wp-content\/uploads\/2024\/08\/servicio_domestico.jpg 800w, https:\/\/www.vkya.com.uy\/sitio\/wp-content\/uploads\/2024\/08\/servicio_domestico-300x137.jpg 300w, https:\/\/www.vkya.com.uy\/sitio\/wp-content\/uploads\/2024\/08\/servicio_domestico-768x350.jpg 768w\" sizes=\"(max-width: 800px) 100vw, 800px\" \/>\t\t\t\t\t\t\t\t\t\t\t\t\t<\/div>\n\t\t\t\t<\/div>\n\t\t\t\t<div class=\"elementor-element elementor-element-4ccebde elementor-widget-divider--view-line elementor-widget elementor-widget-divider\" data-id=\"4ccebde\" data-element_type=\"widget\" data-widget_type=\"divider.default\">\n\t\t\t\t<div class=\"elementor-widget-container\">\n\t\t\t<style>\/*! elementor - v3.23.0 - 05-08-2024 *\/\n.elementor-widget-divider{--divider-border-style:none;--divider-border-width:1px;--divider-color:#0c0d0e;--divider-icon-size:20px;--divider-element-spacing:10px;--divider-pattern-height:24px;--divider-pattern-size:20px;--divider-pattern-url:none;--divider-pattern-repeat:repeat-x}.elementor-widget-divider .elementor-divider{display:flex}.elementor-widget-divider .elementor-divider__text{font-size:15px;line-height:1;max-width:95%}.elementor-widget-divider .elementor-divider__element{margin:0 var(--divider-element-spacing);flex-shrink:0}.elementor-widget-divider .elementor-icon{font-size:var(--divider-icon-size)}.elementor-widget-divider .elementor-divider-separator{display:flex;margin:0;direction:ltr}.elementor-widget-divider--view-line_icon .elementor-divider-separator,.elementor-widget-divider--view-line_text .elementor-divider-separator{align-items:center}.elementor-widget-divider--view-line_icon .elementor-divider-separator:after,.elementor-widget-divider--view-line_icon .elementor-divider-separator:before,.elementor-widget-divider--view-line_text .elementor-divider-separator:after,.elementor-widget-divider--view-line_text .elementor-divider-separator:before{display:block;content:\"\";border-block-end:0;flex-grow:1;border-block-start:var(--divider-border-width) var(--divider-border-style) var(--divider-color)}.elementor-widget-divider--element-align-left .elementor-divider .elementor-divider-separator>.elementor-divider__svg:first-of-type{flex-grow:0;flex-shrink:100}.elementor-widget-divider--element-align-left .elementor-divider-separator:before{content:none}.elementor-widget-divider--element-align-left .elementor-divider__element{margin-left:0}.elementor-widget-divider--element-align-right .elementor-divider .elementor-divider-separator>.elementor-divider__svg:last-of-type{flex-grow:0;flex-shrink:100}.elementor-widget-divider--element-align-right .elementor-divider-separator:after{content:none}.elementor-widget-divider--element-align-right .elementor-divider__element{margin-right:0}.elementor-widget-divider--element-align-start .elementor-divider .elementor-divider-separator>.elementor-divider__svg:first-of-type{flex-grow:0;flex-shrink:100}.elementor-widget-divider--element-align-start .elementor-divider-separator:before{content:none}.elementor-widget-divider--element-align-start .elementor-divider__element{margin-inline-start:0}.elementor-widget-divider--element-align-end .elementor-divider .elementor-divider-separator>.elementor-divider__svg:last-of-type{flex-grow:0;flex-shrink:100}.elementor-widget-divider--element-align-end .elementor-divider-separator:after{content:none}.elementor-widget-divider--element-align-end .elementor-divider__element{margin-inline-end:0}.elementor-widget-divider:not(.elementor-widget-divider--view-line_text):not(.elementor-widget-divider--view-line_icon) .elementor-divider-separator{border-block-start:var(--divider-border-width) var(--divider-border-style) var(--divider-color)}.elementor-widget-divider--separator-type-pattern{--divider-border-style:none}.elementor-widget-divider--separator-type-pattern.elementor-widget-divider--view-line .elementor-divider-separator,.elementor-widget-divider--separator-type-pattern:not(.elementor-widget-divider--view-line) .elementor-divider-separator:after,.elementor-widget-divider--separator-type-pattern:not(.elementor-widget-divider--view-line) .elementor-divider-separator:before,.elementor-widget-divider--separator-type-pattern:not([class*=elementor-widget-divider--view]) .elementor-divider-separator{width:100%;min-height:var(--divider-pattern-height);-webkit-mask-size:var(--divider-pattern-size) 100%;mask-size:var(--divider-pattern-size) 100%;-webkit-mask-repeat:var(--divider-pattern-repeat);mask-repeat:var(--divider-pattern-repeat);background-color:var(--divider-color);-webkit-mask-image:var(--divider-pattern-url);mask-image:var(--divider-pattern-url)}.elementor-widget-divider--no-spacing{--divider-pattern-size:auto}.elementor-widget-divider--bg-round{--divider-pattern-repeat:round}.rtl .elementor-widget-divider .elementor-divider__text{direction:rtl}.e-con-inner>.elementor-widget-divider,.e-con>.elementor-widget-divider{width:var(--container-widget-width,100%);--flex-grow:var(--container-widget-flex-grow)}<\/style>\t\t<div class=\"elementor-divider\">\n\t\t\t<span class=\"elementor-divider-separator\">\n\t\t\t\t\t\t<\/span>\n\t\t<\/div>\n\t\t\t\t<\/div>\n\t\t\t\t<\/div>\n\t\t\t\t<div class=\"elementor-element elementor-element-f615e99 elementor-widget elementor-widget-text-editor\" data-id=\"f615e99\" data-element_type=\"widget\" data-widget_type=\"text-editor.default\">\n\t\t\t\t<div class=\"elementor-widget-container\">\n\t\t\t\t\t\t\t<h4>Beneficios del Servicio:<\/h4><ol><li><strong>Cumplimiento Legal y Normativo:<\/strong><\/li><\/ol><ul><li style=\"list-style-type: none;\"><ul><li style=\"list-style-type: none;\"><ul><li>Asegurar el cumplimiento con las leyes laborales uruguayas, incluyendo la Ley N.\u00ba 18.065, que regula el trabajo dom\u00e9stico.<\/li><li>Mantenerse actualizado con las regulaciones y cambios legislativos que afectan la liquidaci\u00f3n de sueldos.<\/li><\/ul><\/li><\/ul><\/li><\/ul><p>\u00a0<\/p><ol start=\"2\"><li><strong>C\u00e1lculo Preciso de Salarios:<\/strong><\/li><\/ol><ul><li style=\"list-style-type: none;\"><ul><li style=\"list-style-type: none;\"><ul><li>C\u00e1lculo exacto de sueldos basados en horas trabajadas, d\u00edas festivos, horas extras, y otros factores relevantes.<\/li><li>Inclusi\u00f3n de todos los componentes salariales, como aguinaldo, vacaciones, y licencias.<\/li><\/ul><\/li><\/ul><\/li><\/ul><p>\u00a0<\/p><ol start=\"3\"><li><strong>Gesti\u00f3n de Aportes y Contribuciones:<\/strong><\/li><\/ol><ul><li style=\"list-style-type: none;\"><ul><li style=\"list-style-type: none;\"><ul><li>Calcular y gestionar las contribuciones a la seguridad social (Banco de Previsi\u00f3n Social &#8211; BPS) y otros aportes requeridos.<\/li><li>Asistir en la presentaci\u00f3n y pago de las contribuciones mensuales al BPS.<\/li><\/ul><\/li><\/ul><\/li><\/ul><p>\u00a0<\/p><ol start=\"4\"><li><strong>Emisi\u00f3n de Recibos de Sueldo:<\/strong><\/li><\/ol><ul><li style=\"list-style-type: none;\"><ul><li style=\"list-style-type: none;\"><ul><li>Generar recibos de sueldo detallados y conformes con las normativas vigentes, proporcionando transparencia y claridad para el empleado.<\/li><\/ul><\/li><\/ul><\/li><\/ul><p>\u00a0<\/p><ol start=\"5\"><li><strong>Gesti\u00f3n de Licencias y Beneficios:<\/strong><\/li><\/ol><ul><li style=\"list-style-type: none;\"><ul><li style=\"list-style-type: none;\"><ul><li>Administrar las licencias por enfermedad, maternidad, y otros tipos de permisos, asegurando que los beneficios sean aplicados correctamente.<\/li><li>Calcular y gestionar el pago de aguinaldos y otros beneficios obligatorios.<\/li><\/ul><\/li><\/ul><\/li><\/ul><p>\u00a0<\/p><ol start=\"6\"><li><strong>Asesoramiento Continuo:<\/strong><\/li><\/ol><ul><li style=\"list-style-type: none;\"><ul><li style=\"list-style-type: none;\"><ul><li>Brindar asesor\u00eda continua sobre las mejores pr\u00e1cticas de gesti\u00f3n de personal dom\u00e9stico y c\u00f3mo optimizar la relaci\u00f3n laboral.<\/li><li>Asistencia en la resoluci\u00f3n de conflictos laborales y consultas legales relacionadas con el empleo dom\u00e9stico.<\/li><\/ul><\/li><\/ul><\/li><\/ul>\t\t\t\t\t\t<\/div>\n\t\t\t\t<\/div>\n\t\t\t\t<div class=\"elementor-element elementor-element-86940d9 elementor-widget elementor-widget-spacer\" data-id=\"86940d9\" data-element_type=\"widget\" data-widget_type=\"spacer.default\">\n\t\t\t\t<div class=\"elementor-widget-container\">\n\t\t\t<style>\/*! elementor - v3.23.0 - 05-08-2024 *\/\n.elementor-column .elementor-spacer-inner{height:var(--spacer-size)}.e-con{--container-widget-width:100%}.e-con-inner>.elementor-widget-spacer,.e-con>.elementor-widget-spacer{width:var(--container-widget-width,var(--spacer-size));--align-self:var(--container-widget-align-self,initial);--flex-shrink:0}.e-con-inner>.elementor-widget-spacer>.elementor-widget-container,.e-con>.elementor-widget-spacer>.elementor-widget-container{height:100%;width:100%}.e-con-inner>.elementor-widget-spacer>.elementor-widget-container>.elementor-spacer,.e-con>.elementor-widget-spacer>.elementor-widget-container>.elementor-spacer{height:100%}.e-con-inner>.elementor-widget-spacer>.elementor-widget-container>.elementor-spacer>.elementor-spacer-inner,.e-con>.elementor-widget-spacer>.elementor-widget-container>.elementor-spacer>.elementor-spacer-inner{height:var(--container-widget-height,var(--spacer-size))}.e-con-inner>.elementor-widget-spacer.elementor-widget-empty,.e-con>.elementor-widget-spacer.elementor-widget-empty{position:relative;min-height:22px;min-width:22px}.e-con-inner>.elementor-widget-spacer.elementor-widget-empty .elementor-widget-empty-icon,.e-con>.elementor-widget-spacer.elementor-widget-empty .elementor-widget-empty-icon{position:absolute;top:0;bottom:0;left:0;right:0;margin:auto;padding:0;width:22px;height:22px}<\/style>\t\t<div class=\"elementor-spacer\">\n\t\t\t<div class=\"elementor-spacer-inner\"><\/div>\n\t\t<\/div>\n\t\t\t\t<\/div>\n\t\t\t\t<\/div>\n\t\t\t\t<div class=\"elementor-element elementor-element-e324b00 elementor-widget elementor-widget-text-editor\" data-id=\"e324b00\" data-element_type=\"widget\" data-widget_type=\"text-editor.default\">\n\t\t\t\t<div class=\"elementor-widget-container\">\n\t\t\t\t\t\t\t<h4>Proceso del Servicio:<\/h4><ol><li><strong>Recopilaci\u00f3n de Informaci\u00f3n:<\/strong><\/li><\/ol><ul><li style=\"list-style-type: none;\"><ul><li style=\"list-style-type: none;\"><ul><li>Reunir datos relevantes sobre el empleado dom\u00e9stico, incluyendo detalles del contrato, horarios de trabajo, y otros beneficios acordados.<\/li><li>Revisi\u00f3n y actualizaci\u00f3n de los registros laborales y de seguridad social.<\/li><\/ul><\/li><\/ul><\/li><\/ul><p>\u00a0<\/p><ol start=\"2\"><li><strong>C\u00e1lculo de Liquidaciones:<\/strong><\/li><\/ol><ul><li style=\"list-style-type: none;\"><ul><li style=\"list-style-type: none;\"><ul><li>Utilizar software especializado y conocimientos actualizados para calcular los sueldos y beneficios de acuerdo con la legislaci\u00f3n vigente.<\/li><li>Realizar los c\u00e1lculos necesarios para las deducciones y aportes a la seguridad social.<\/li><\/ul><\/li><\/ul><\/li><\/ul><p>\u00a0<\/p><ol start=\"3\"><li><strong>Emisi\u00f3n de Documentaci\u00f3n:<\/strong><\/li><\/ol><ul><li style=\"list-style-type: none;\"><ul><li style=\"list-style-type: none;\"><ul><li>Generar y entregar recibos de sueldo mensuales.<\/li><li>Preparar y presentar los reportes y pagos al BPS y otras entidades relevantes.<\/li><\/ul><\/li><\/ul><\/li><\/ul><p>\u00a0<\/p><ol start=\"4\"><li><strong>Monitoreo y Actualizaci\u00f3n:<\/strong><\/li><\/ol><ul><li style=\"list-style-type: none;\"><ul><li style=\"list-style-type: none;\"><ul><li>Mantener registros detallados de las liquidaciones de sueldos y aportes realizados.<\/li><li>Actualizar la informaci\u00f3n y los c\u00e1lculos conforme a cambios en la legislaci\u00f3n laboral o acuerdos espec\u00edficos con el empleado.<\/li><\/ul><\/li><\/ul><\/li><\/ul><p>\u00a0<\/p><ol start=\"5\"><li><strong>Asesoramiento y Soporte:<\/strong><\/li><\/ol><ul><li style=\"list-style-type: none;\"><ul><li style=\"list-style-type: none;\"><ul><li>Ofrecer soporte continuo para resolver cualquier duda o problema relacionado con la liquidaci\u00f3n de sueldos.<\/li><li>Proporcionar informaci\u00f3n y asesor\u00eda sobre nuevas regulaciones o cambios en las leyes laborales.<\/li><\/ul><\/li><\/ul><\/li><\/ul>\t\t\t\t\t\t<\/div>\n\t\t\t\t<\/div>\n\t\t\t\t<div class=\"elementor-element elementor-element-8246889 elementor-widget-divider--view-line elementor-widget elementor-widget-divider\" data-id=\"8246889\" data-element_type=\"widget\" data-widget_type=\"divider.default\">\n\t\t\t\t<div class=\"elementor-widget-container\">\n\t\t\t\t\t<div class=\"elementor-divider\">\n\t\t\t<span class=\"elementor-divider-separator\">\n\t\t\t\t\t\t<\/span>\n\t\t<\/div>\n\t\t\t\t<\/div>\n\t\t\t\t<\/div>\n\t\t\t\t<div class=\"elementor-element elementor-element-d71f918 elementor-widget-divider--view-line elementor-widget elementor-widget-divider\" data-id=\"d71f918\" data-element_type=\"widget\" data-widget_type=\"divider.default\">\n\t\t\t\t<div class=\"elementor-widget-container\">\n\t\t\t\t\t<div class=\"elementor-divider\">\n\t\t\t<span class=\"elementor-divider-separator\">\n\t\t\t\t\t\t<\/span>\n\t\t<\/div>\n\t\t\t\t<\/div>\n\t\t\t\t<\/div>\n\t\t\t\t\t<\/div>\n\t\t\t\t<\/div>\n\t\t<div class=\"elementor-element elementor-element-2828203 e-grid e-con-boxed e-con e-parent\" data-id=\"2828203\" data-element_type=\"container\">\n\t\t\t\t\t<div class=\"e-con-inner\">\n\t\t\t\t<div class=\"elementor-element elementor-element-4e99465 elementor-widget elementor-widget-image\" data-id=\"4e99465\" data-element_type=\"widget\" data-widget_type=\"image.default\">\n\t\t\t\t<div class=\"elementor-widget-container\">\n\t\t\t\t\t\t\t\t\t\t\t\t\t<img decoding=\"async\" width=\"350\" height=\"376\" src=\"https:\/\/www.vkya.com.uy\/sitio\/wp-content\/uploads\/2024\/07\/liquidacion_servicio_domestico.jpg\" class=\"attachment-large size-large wp-image-688\" alt=\"\" srcset=\"https:\/\/www.vkya.com.uy\/sitio\/wp-content\/uploads\/2024\/07\/liquidacion_servicio_domestico.jpg 350w, https:\/\/www.vkya.com.uy\/sitio\/wp-content\/uploads\/2024\/07\/liquidacion_servicio_domestico-279x300.jpg 279w\" sizes=\"(max-width: 350px) 100vw, 350px\" \/>\t\t\t\t\t\t\t\t\t\t\t\t\t<\/div>\n\t\t\t\t<\/div>\n\t\t\t\t<div class=\"elementor-element elementor-element-fab532b elementor-widget elementor-widget-text-editor\" data-id=\"fab532b\" data-element_type=\"widget\" data-widget_type=\"text-editor.default\">\n\t\t\t\t<div class=\"elementor-widget-container\">\n\t\t\t\t\t\t\t<p><strong>El servicio de liquidaci\u00f3n de sueldos de servicio dom\u00e9stico en Uruguay es esencial para los empleadores que desean garantizar el cumplimiento legal y la precisi\u00f3n en los pagos a sus empleados dom\u00e9sticos.<\/strong><\/p><p><strong>Este servicio no solo asegura que los empleados reciban sus salarios correctamente calculados, sino que tambi\u00e9n libera a los empleadores de la complejidad de manejar las obligaciones laborales y fiscales, permiti\u00e9ndoles centrarse en otras responsabilidades.<\/strong><\/p>\t\t\t\t\t\t<\/div>\n\t\t\t\t<\/div>\n\t\t\t\t\t<\/div>\n\t\t\t\t<\/div>\n\t\t\t\t<\/div>\n\t\t","protected":false},"excerpt":{"rendered":"<p>Servicio de Liquidaci\u00f3n de Sueldos de Servicio Dom\u00e9stico. Descripci\u00f3n del Servicio: El servicio de liquidaci\u00f3n [&hellip;]<\/p>\n","protected":false},"author":3,"featured_media":0,"parent":0,"menu_order":0,"comment_status":"closed","ping_status":"closed","template":"","meta":{"footnotes":""},"_links":{"self":[{"href":"https:\/\/www.vkya.com.uy\/sitio\/wp-json\/wp\/v2\/pages\/681"}],"collection":[{"href":"https:\/\/www.vkya.com.uy\/sitio\/wp-json\/wp\/v2\/pages"}],"about":[{"href":"https:\/\/www.vkya.com.uy\/sitio\/wp-json\/wp\/v2\/types\/page"}],"author":[{"embeddable":true,"href":"https:\/\/www.vkya.com.uy\/sitio\/wp-json\/wp\/v2\/users\/3"}],"replies":[{"embeddable":true,"href":"https:\/\/www.vkya.com.uy\/sitio\/wp-json\/wp\/v2\/comments?post=681"}],"version-history":[{"count":11,"href":"https:\/\/www.vkya.com.uy\/sitio\/wp-json\/wp\/v2\/pages\/681\/revisions"}],"predecessor-version":[{"id":936,"href":"https:\/\/www.vkya.com.uy\/sitio\/wp-json\/wp\/v2\/pages\/681\/revisions\/936"}],"wp:attachment":[{"href":"https:\/\/www.vkya.com.uy\/sitio\/wp-json\/wp\/v2\/media?parent=681"}],"curies":[{"name":"wp","href":"https:\/\/api.w.org\/{rel}","templated":true}]}}